f 2508859?
9
What is the units digit of 1023428?
8
What is the hundreds digit of 128013?
0
What is the hundred thousands digit of 4138431?
1
What is the units digit of 533933?
3
What is the hundreds digit of 11727095?
0
What is the hundred thousands digit of 10648497?
6
What is the ten thousands digit of 1782850?
8
What is the hundreds digit of 247963?
9
What is the units digit of 11453174?
4
What is the hundred thousands digit of 1917254?
9
What is the units digit of 1370192?
2
What is the millions digit of 1698901?
1
What is the tens digit of 2150024?
2
What is the millions digit of 3506371?
3
What is the thousands digit of 1539063?
9
What is the hundreds digit of 3529145?
1
What is the tens digit of 738745?
4
What is the units digit of 174152?
2
What is the thousands digit of 1085318?
5
What is the ten thousands digit of 14984899?
8
What is the units digit of 4712355?
5
What is the millions digit of 26886276?
6
What is the units digit of 4540142?
2
What is the units digit of 1112339?
9
What is the tens digit of 367599?
9
What is the tens digit of 754374?
7
What is the ten thousands digit of 467254?
6
What is the hundreds digit of 743513?
5
What is the hundred thousands digit of 1118761?
1
What is the ten thousands digit of 27591358?
9
What is the units digit of 34289?
9
What is the millions digit of 4002156?
4
What is the thousands digit of 14880439?
0
What is the hundred thousands digit of 1246647?
2
What is the thousands digit of 6347039?
7
What is the hundreds digit of 24445?
4
What is the tens digit of 929569?
6
What is the units digit of 1456112?
2
What is the thousands digit of 15036047?
6
What is the tens digit of 4194120?
2
What is the millions digit of 7037354?
7
What is the tens digit of 341939?
3
What is the millions digit of 4933039?
4
What is the hundred thousands digit of 32629350?
6
What is the thousands digit of 7198666?
8
What is the units digit of 10212?
2
What is the hundred thousands digit of 926955?
9
What is the units digit of 903922?
2
What is the millions digit of 6841944?
6
What is the units digit of 959300?
0
What is the hundred thousands digit of 200301?
2
What is the ten thousands digit of 1763012?
6
What is the units digit of 2742862?
2
What is the hundred thousands digit of 448178?
4
What is the hundred thousands digit of 152618?
1
What is the thousands digit of 320316?
0
What is the hundreds digit of 295815?
8
What is the hundred thousands digit of 5059480?
0
What is the ten thousands digit of 26595811?
9
What is the units digit of 105205?
5
What is the ten thousands digit of 160796?
6
What is the thousands digit of 860583?
0
What is the thousands digit of 142901?
2
What is the thousands digit of 4843710?
3
What is the tens digit of 6495569?
6
What is the thousands digit of 814533?
4
What is the hundred thousands digit of 17486579?
4
What is the units digit of 374450?
0
What is the ten thousands digit of 567609?
6
What is the hundreds digit of 803195?
1
What is the thousands digit of 127585?
7
What is the thousands digit of 304389?
4
What is the thousands digit of 1126037?
6
What is the ten thousands digit of 2429697?
2
What is the tens digit of 905412?
1
What is the tens digit of 9900682?
8
What is the thousands digit of 14197927?
7
What is the tens digit of 9074646?
4
What is the hundreds digit of 7708217?
2
What is the hundreds digit of 574576?
5
What is the hundreds digit of 536819?
8
What is the units digit of 819095?
5
What is the units digit of 1427423?
3
What is the hundreds digit of 271639?
6
What is the thousands digit of 2261369?
1
What is the hundreds digit of 313012?
0
What is the units digit of 416683?
3
What is the thousands digit of 1516044?
6
What is the hundred thousands digit of 689503?
6
What is the tens digit of 178006?
0
What is the hundred thousands digit of 10675778?
6
What is the thousands digit of 1266468?
6
What is the units digit of 293285?
5
What is the hundred thousands digit of 274143?
2
What is the thousands digit of 19475365?
5
What is the tens digit of 916464?
6
What is the hundred thousands digit of 466686?
4
What is the tens digit of 268456?
5
What is the thousands digit of 1865630?
5
What is the tens digit of 213843?
4
What is the hundreds digit of 476568?
5
What is the hundreds digit of 107841?
8
What is the thousands digit of 2103484?
3
What is the hundred thousands digit of 3033425?
0
What is the thousands digit of 9472600?
2
What is the tens digit of 481639?
3
What is the tens digit of 10121637?
3
What is the units digit of 10427388?
8
What is the units digit of 220140?
0
What is the hundreds digit of 31646?
6
What is the ten thousands digit of 27074659?
7
What is the units digit of 806810?
0
What is the thousands digit of 2224945?
4
What is the tens digit of 4745527?
2
What is the hundred thousands digit of 1331349?
3
What is the millions digit of 2842590?
2
What is the tens digit of 233288?
8
What is the hundreds digit of 4800717?
7
What is the millions digit of 1723561?
1
What is the tens digit of 1835334?
3
What is the units digit of 939773?
3
What is the tens digit of 6894853?
5
What is the tens digit of 1117500?
0
What is the thousands digit of 668666?
8
What is the thousands digit of 480966?
0
What is the hundred thousands digit of 1112267?
1
What is the hundred thousands digit of 4043400?
0
What is the hundreds digit of 631018?
0
What is the hundred thousands digit of 1284732?
2
What is the hundreds digit of 511409?
4
What is the hundred thousands digit of 551924?
5
What is the tens digit of 4297640?
4
What is the tens digit of 258745?
4
What is the units digit of 9662017?
7
What is the thousands digit of 1866857?
6
What is the hundred thousands digit of 2857233?
8
What is the hundreds digit of 54894?
8
What is the thousands digit of 579198?
9
What is the hundreds digit of 425099?
0
What is the ten thousands digit of 9946908?
4
What is the thousands digit of 4547065?
7
What is the tens digit of 639171?
7
What is the thousands digit of 14096175?
6
What is the units digit of 6437921?
1
What is the tens digit of 2606887?
8
What is the hundred thousands digit of 546328?
5
What is the tens digit of 25896397?
9
What is the ten thousands digit of 1006111?
0
What is the ten thousands digit of 608541?
0
What is the tens digit of 140042?
4
What is the hundred thousands digit of 319105?
3
What is the thousands digit of 667670?
7
What is the ten thousands digit of 866716?
6
What is the tens digit of 678082?
8
What is the hundred thousands digit of 1277588?
2
What is the thousands digit of 852909?
2
What is the millions digit of 37416413?
7
What is the millions digit of 11843604?
1
What is the ten thousands digit of 110470?
1
What is the units digit of 4358445?
5
What is the ten thousands digit of 22120376?
2
What is the tens digit of 124441?
4
What is the hundred thousands digit of 9363206?
3
What is the ten thousands digit of 332504?
3
What is the thousands digit of 20263410?
3
What is the hundreds digit of 87763?
7
What is the hundreds digit of 14453995?
9
What is the units digit of 280372?
2
What is the ten millions digit of 17086858?
1
What is the thousands digit of 2591792?
1
What is the tens digit of 665634?
3
What is the thousands digit of 1863892?
3
What is the millions digit of 3053183?
3
What is the tens digit of 199471?
7
What is the ten thousands digit of 350844?
5
What is the tens digit of 7063659?
5
What is the hundred thousands digit of 236488?
2
What is the thousands digit of 120300?
0
What is the thousands digit of 378111?
8
What is the ten thousands digit of 147710?
4
What is the hundred thousands digit of 563461?
5
What is the ten thousands digit of 506131?
0
What is the hundreds digit of 3877802?
8
What is the units digit of 269893?
3
What is the tens digit of 48722?
2
What is the thousands digit of 226842?
6
What is the hundreds digit of 409239?
2
What is the thousands digit of 158159?
8
What is the hundreds digit of 672028?
0
What is the tens digit of 360130?
3
What is the ten thousands digit of 251229?
5
What is the tens digit of 151455?
5
What is the millions digit of 7550661?
7
What is the units digit of 42613?
3
What is the tens digit of 223936?
3
What is the thousands digit of 18524?
8
What is the units digit of 398490?
0
What is the ten thou